vided by s.
5
Suppose -2*m - 14*p + 75 = -13*p, -1 = m - 5*p. Let q = 93 + -9. Calculate the remainder when q is divided by m.
16
Suppose -6285 = 147*f - 43476. What is the remainder when 4046 is divided by f?
251
Suppose -56*j - 86*j + 51910 = 37*j. What is the remainder when j is divided by 49?
45
Calculate the remainder when ((-15)/4)/(40/(-64))*1959/9 is divided by 47.
37
Let w be (1 - 2)/(1/(-5)). Let j = 3456 + -3430. Calculate the remainder when j is divided by ((-14)/w)/(1/(-5)).
12
What is the remainder when 2422 is divided by (-8855)/(-368) - (-4)/(-448)*7?
22
Suppose f - 33 = 11. Suppose -5*u + 260 = 7*a - 2*a, 0 = -u - 5*a + f. Calculate the remainder when 259 is divided by u.
43
Let n be (-4 + (-42 - -4))*(-6)/12. Suppose 502 - n = 37*g. Calculate the remainder when g is divided by 8.
5
Suppose 6*t - 690 = -4*t. Suppose -60*r - 423 = -t*r. Calculate the remainder when r is divided by 6.
5
Suppose -2*b = 144*z - 139*z + 8, 3*b - 72 = 3*z. What is the remainder when b is divided by (-2)/(-2)*(18 + -3)?
1
Suppose 5472 = 128*k - 104*k. What is the remainder when 459 is divided by k?
3
Let j(b) = 17*b - 16. Suppose 3*t - 25 = 20. Suppose -4*n + 37 + t = -5*x, 0 = n - 2*x - 10. Calculate the remainder when j(4) is divided by n.
16
Let g(w) = 38*w - 2278. Calculate the remainder when 0 + (-1 + 0)*-187 is divided by g(61).
27
Let q be (48*4)/2*28/(-12). Let f = q - -314. Suppose 2*c - 3*c + 8 = -u, 5*u = -5*c + f. What is the remainder when 49 is divided by c?
10
Let p(q) = -3*q**3 - 23*q**2 - 44*q + 10. What is the remainder when 165 is divided by p(-3)?
5
Calculate the remainder when 520 is divided by 3 + (-2724)/(-15) + (-57)/95.
152
Let m(b) be the first derivative of 31*b**2/2 - 3*b + 32. Let v be m(2). Suppose 6*u - 383 = -v. What is the remainder when 159 is divided by u?
51
Suppose g + 14 + 4 = 0. What is the remainder when 1*69*g/(-27) is divided by 12?
10
Suppose 2*z + 16 = 0, 4*z = -689*a + 692*a - 28055. Calculate the remainder when a is divided by 16.
13
Let a(x) = -23*x - 1471. Let u be a(-64). Let y be (-4)/6 - (-46)/6. Suppose -y = -m + u. What is the remainder when 62 is divided by m?
6
Suppose 10138 - 3774 = 74*q. What is the remainder when 788 is divided by q?
14
Suppose -4*i = -4*m + 84, m - 2*i - 13 = -5*i. Suppose 3*w - 7*u + 9 = -4*u, 5*w = -4*u - 42. What is the remainder when m is divided by 8*((-45)/w)/5?
7
Let a(u) = 6*u**2 + 91*u - 3. Let v be a(-15). What is the remainder when 98 is divided by 390/4*v/(-45)?
20
Calculate the remainder when (-9*8/48)/(3/(-7516)) is divided by 57.
53
Let q(g) = -209*g - 202. Let k(w) = 14*w**3 - 2*w + 1. Let l be (2/1)/(5 + -3). What is the remainder when k(l) is divided by q(-1)?
6
Suppose 2*y + 3*o = 376, 3*y - 197 - 364 = -3*o. Suppose 0 = 7*i - y - 18. Calculate the remainder when 490 is divided by i.
26
Let z(d) = 24*d**3 + 20*d**2 - 41*d + 3. What is the remainder when 1375 is divided by z(2)?
24
Calculate the remainder when 411 is divided by 34 - (0*3/33 - -7).
6
Let c = -18 - -20. Let l be (c + 1 - 4) + 62. Let x = -46 + l. Calculate the remainder when 29 is divided by x.
14
Let x(p) = p**3 - 11*p**2 + 11*p + 1. Let f be x(10). Suppose -9 = f*b - 12*b. Let s = 163 + -128. What is the remainder when s is divided by b?
8
Suppose 25*k = 20*k + 4*j + 453, -28 = 4*j. Suppose 6*g = 3*g + 24. Calculate the remainder when k is divided by g.
5
Suppose 2*k - 530 = -3*k. What is the remainder when k is divided by 315/15*2*(0 - -1)?
22
Let p(t) = -t**3 - 22*t**2 + 73*t - 25. Suppose 0 = 56*b - 28*b + 700. What is the remainder when 27 is divided by p(b)?
2
Let b(h) = -2 - 5*h**2 - 22*h + 16 + 6 + 6*h**2. Let x be b(26). Suppose 2*q - x = -2*q. What is the remainder when q is divided by 17?
14
Suppose 0 = -3*d - j + 299, -2*d + 8*j + 374 = 114. Suppose 3*y + 13 = 4*y. What is the remainder when d is divided by y?
11
Let a(r) = -2*r - 60. Let s be a(-31). Let g be -2 - (-5 - (2 + s)). Suppose g*y + 132 = 10*y. Calculate the remainder when 175 is divided by y.
43
Let p(s) = -s**3 + 2. Let j(c) = -c**2 + 17*c + 11. Let n be j(17). Let b(v) = v**3 - 9*v**2 - 20*v - 20. What is the remainder when p(-2) is divided by b(n)?
0
Let m(i) = 194*i + 3211. Calculate the remainder when m(-10) is divided by 8.
7
Let f = -12818 + 12862. What is the remainder when 217 is divided by f?
41
Let c = -314 - -343. Suppose -3062 + 1032 = -c*k. Calculate the remainder when k is divided by 19.
13
Let l be (48/(-10))/((-10)/80800*6). Suppose 153*g - 145*g - l = 0. What is the remainder when g is divided by 45?
43
Let u(i) = i + 20. Let x(w) = -36*w**3 + 3*w + 2. Let s be x(-1). Calculate the remainder when u(s) is divided by 14.
13
Suppose p + 4 = 6. Let g(y) = -3*y - y**3 + 8*y + 0*y**3 + 3 - p*y + 3*y**2. What is the remainder when 18 is divided by g(3)?
6
Let l(f) = 556*f - 5530. Calculate the remainder when 4738 is divided by l(10).
28
What is the remainder when (-158)/711*45531/(-2) is divided by 115?
114
Let w(y) = y**3 + 6*y**2 + 2*y + 3. Let d(l) = -2*l**2 - 27*l + 637. What is the remainder when d(10) is divided by w(-3)?
23
Let z(n) = -n**2 - 12*n - 33. Let t be z(-5). Suppose -5*f - x = -242, t*x = -2*f + 4*f - 104. Calculate the remainder when f is divided by 26.
23
Suppose 0 = 5*n + 2*m - 0*m - 110, 4*n - 88 = 5*m. Let c = 1501 + -800. Let p = -693 + c. Calculate the remainder when n is divided by p.
6
Suppose 0 = -10*u + 11*u - 3*z - 26, 4*z + 9 = -u. Let b(a) = 3*a**3 - 4*a**2 + 4*a - 4. Calculate the remainder when b(3) is divided by u.
9
Let a(p) = -8*p**3 - p**2 - 3*p - 2. Let y(b) = b**2 + 9*b - 11. Let g be 1 - ((-1)/1 - -12). Let s be y(g). What is the remainder when a(s) is divided by 8?
0
Let w be -3 + (12/6 - -1). Calculate the remainder when 71 + 10/((-2 + w)*-1) is divided by 11.
10
Let u(y) = -114*y - 1994. Calculate the remainder when 202 is divided by u(-19).
30
Let w = -863 - -1093. What is the remainder when w is divided by 40?
30
Suppose 294 - 82 = -4*z. Let s = 63 + z. Calculate the remainder when (-945)/(-36) + 1/(-4) is divided by s.
6
Suppose 0 = -3*z + 3*m + 78, 14 - 6 = -4*m. Let r(o) = 2*o**2 + 4*o - 3. Let n be r(-4). What is the remainder when z is divided by n/4*(3 + 1)?
11
Let w(m) = 204*m + 5287. Calculate the remainder when w(-25) is divided by 1 + -2 - 140/(-7).
16
Suppose 1204*r - 1202*r = 5*o - 108, 2*o - 2*r = 36. What is the remainder when 27 is divided by o?
3
Let h be 2 - -5 - 3 - (-8)/(-8). Suppose 0 = r + 3*d - 140, -r - h*d + 283 = r. Calculate the remainder when r is divided by 18.
17
Let d be (0 + 0)*2/6. Let p = 50 + d. Let y(b) = 2*b**2 - 4*b - 3. What is the remainder when p is divided by y(-2)?
11
Let k = 7656 + -6896. What is the remainder when k is divided by 351?
58
Let p(s) = -3*s + 16. Let f(i) = -i - 1. Let m(h) = -12*f(h) + 3*p(h). What is the remainder when 155 is divided by m(-18)?
5
Let m(b) = 35*b**3 - 2*b**2 + 30*b**3 + 22*b**3 - 168*b**3 - 3*b - 2 + 42*b**3. What is the remainder when 102 is divided by m(-1)?
26
Let l(a) = a - 8. Let o be l(10). Suppose v = -o*v + 66. Suppose 4*m = m + 2*r + 127, 0 = -4*m - 4*r + 136. Calculate the remainder when m is divided by v.
17
Let z = 44040 + -43960. What is the remainder when 2884 is divided by z?
4
Let p(c) = 10*c - 10. Suppose -42 = -4*x - 3*w, -3*w = -4*x - 0*x + 30. Suppose 0 = -9*q + 4*q + 105. What is the remainder when p(x) is divided by q?
17
What is the remainder when 86/6*(33*2/6 - 2) is divided by 22?
19
Suppose -q - 1 = 2*m - 9, -26 = -3*m + 2*q. Let d(a) = 4*a**2 + 29*a + 75. Calculate the remainder when d(-5) is divided by m.
0
Let v(j) = 2*j + 50. Let d = 133 - 137. Calculate the remainder when v(d) is divided by 16.
10
Let o = -15220 + 15579. What is the remainder when o is divided by 127?
105
Suppose 0 = 3*l - 56 + 17. Let d(z) = 9*z - 19. Let s be d(20). Suppose -23*c + s = -0*c. Calculate the remainder when l is divided by c.
6
Let v(f) = -97*f + 51. Let w be v(-18). Calculate the remainder when (236/177)/(2/w) is divided by 80.
78
Let p(i) = -i**3 - 3*i - 1. Let r be p(-2). Let d(x) = 13 - 5 - x + 10 + 0*x. What is the remainder when 14 is divided by d(r)?
4
Let i(s) = 19*s**2 + 4. Let f be i(4). Let q = 318 - f. What is the remainder when q is divided by 4?
2
Let s = 28